NOAA-Style Climate Reports

Select a Year or Month report
2017: Jan Feb Mar Apr May Jun Jul Aug Sep Oct Nov Dec
2016: Jan Feb Mar Apr May Jun Jul Aug Sep Oct Nov Dec
2015: Jan Feb Mar Apr May Jun Jul Aug Sep Oct Nov Dec
2014: Jan Feb Mar Apr May Jun Jul Aug Sep Oct Nov Dec
2013: Jan Feb Mar Apr May Jun Jul Aug Sep Oct Nov Dec
2012: Jan Feb Mar Apr May Jun Jul Aug Sep Oct Nov Dec
2011: Jan Feb Mar Apr May Jun Jul Aug Sep Oct Nov Dec
2010: Jan Feb Mar Apr May Jun Jul Aug Sep Oct Nov Dec

Report for 2017 June
                   Monthly Climatological Summary for Jun 2017

Name: StetsonWX   City: Colorado Springs   State: Colorado
Elevation: 6584 ft  Lat: N 38° 54' 02"   Lon: W 104° 42' 23"

                  Temperature (°F), Rain (in), Wind Speed (mph)

                                      Heat  Cool        Avg
    Mean                              Deg   Deg         Wind                 Dom
Day Temp  High   Time   Low    Time   Days  Days  Rain  Speed High   Time    Dir
----------------------------------------------------------------------------------
 1  62.3  77.5  12:06p  43.8   5:34a   6.0   3.3  0.00   0.8  13.0   1:00p   ESE
 2  60.7  77.6  12:36p  46.2   5:57a   6.8   2.4  0.01   0.6  10.0  11:34a   NNE
 3  62.0  75.2   1:02p  43.8   5:46a   6.0   3.0  0.00   0.8  15.0   4:23p    NE
 4  63.8  78.9   1:51p  45.3   5:31a   5.6   4.5  0.00   1.0  12.0   2:54p   ESE
 5  63.9  79.0  12:07p  47.6   5:21a   5.3   4.2  0.00   0.7  12.0  11:47a   ESE
 6  61.5  79.5  12:01p  51.6  12:22a   5.8   2.2  0.17   0.5  11.0   5:15p   NNE
 7  62.7  76.7  12:26p  46.9   4:59a   5.6   3.2  0.01   1.0  16.0   1:53p   ESE
 8  63.4  79.7  12:18p  45.9   5:47a   5.4   3.8  0.00   0.5  13.0  12:30p   ESE
 9  71.4  89.3   1:07p  49.5   6:03a   4.1  10.5  0.00   0.8  15.0   4:35p    SE
10  76.1  93.5   1:43p  53.7   4:26a   1.9  12.9  0.00   1.0  16.0   4:31p    SE
11  69.3  78.0   4:14p  55.1   6:04a   1.4   5.7  0.00   0.6  10.0   5:10p     E
12  72.4  85.6   4:38p  53.4   6:09a   2.9  10.3  0.00   1.8  23.0   3:34p    SE
13  69.9  81.6   2:46p  54.1   6:01a   1.5   6.4  0.00   1.0  13.0   1:57a    SE
14  68.1  81.4   1:34p  48.5   5:49a   3.6   6.7  0.00   1.2  17.0   2:35p    SE
15  71.7  88.2  12:43p  53.7   6:02a   2.6   9.2  0.00   0.8  16.0   2:10p   ESE
16  72.9  89.4   1:09p  51.1   4:44a   3.3  11.2  0.00   0.6  15.0   6:47p   ESE
17  71.6  92.5   1:52p  54.4   2:21a   3.1   9.7  0.00   0.9  14.0   4:33p   ENE
18  65.1  77.4   4:13p  54.6  12:05a   3.8   3.9  0.00   1.4  14.0  10:29a   ESE
19  70.3  83.0  12:43p  54.9  12:24a   2.2   7.5  0.00   1.2  15.0   1:37p   ESE
20  75.8  93.8   1:17p  51.2   5:55a   2.3  13.1  0.00   0.6  13.0   3:11p   ESE
21  75.9  94.7  12:20p  59.2   4:11a   0.9  11.7  0.00   0.4  14.0   3:43p     E
22  73.2  93.5  12:41p  57.5   4:43a   1.7  10.0  0.00   0.7  13.0   5:10p   ENE
23  54.8  62.6   1:18a  48.1   9:09a  10.2   0.0  0.00   0.9  18.0   2:00p     E
24  60.7  69.5   5:27p  51.4   2:44a   4.8   0.5  0.00   1.1  12.0  12:04p   ESE
25  63.3  79.3  12:37p  48.5   5:45a   5.0   3.2  0.03   1.1  13.0   2:54p   ESE
----------------------------------------------------------------------------------
    67.3  94.7    21    43.8     1   101.8 159.1  0.22   0.9  23.0    12     ESE

Max >=  80.0: 12
Max <=  32.0:  0
Min <=  32.0:  0
Min <=   0.0:  0
Max Rain: 0.17 on day 6
Days of Rain: 4 (>= 0.01 in)  1 (>= 0.10 in)  0 (>= 1.00 in)
Heat Base: 65.0  Cool Base: 65.0  Method: Integration