NOAA-Style Climate Reports

Select a Year or Month report
2018: Jan Feb Mar Apr May Jun Jul Aug Sep Oct Nov Dec
2017: Jan Feb Mar Apr May Jun Jul Aug Sep Oct Nov Dec
2016: Jan Feb Mar Apr May Jun Jul Aug Sep Oct Nov Dec
2015: Jan Feb Mar Apr May Jun Jul Aug Sep Oct Nov Dec
2014: Jan Feb Mar Apr May Jun Jul Aug Sep Oct Nov Dec
2013: Jan Feb Mar Apr May Jun Jul Aug Sep Oct Nov Dec
2012: Jan Feb Mar Apr May Jun Jul Aug Sep Oct Nov Dec
2011: Jan Feb Mar Apr May Jun Jul Aug Sep Oct Nov Dec
2010: Jan Feb Mar Apr May Jun Jul Aug Sep Oct Nov Dec

Report for 2018 June
                   Monthly Climatological Summary for Jun 2018

Name: StetsonWX   City: Colorado Springs   State: Colorado
Elevation: 6584 ft  Lat: N 38° 54' 02"   Lon: W 104° 42' 23"

                  Temperature (°F), Rain (in), Wind Speed (mph)

                                      Heat  Cool        Avg
    Mean                              Deg   Deg         Wind                 Dom
Day Temp  High   Time   Low    Time   Days  Days  Rain  Speed High   Time    Dir
----------------------------------------------------------------------------------
 1  70.2  88.4  12:08p  44.8   5:29a   4.7  10.0  0.00   1.6  16.0   6:54p   WNW
 2  62.3  73.2   2:27p  48.8   5:56a   5.0   2.3  0.00   1.8  12.0   4:20a     E
 3  54.5  65.8   2:30p  43.0   5:49a  10.5   0.0  0.00   0.8  14.0   4:02p    SE
 4  69.2  87.5   1:35p  43.7   1:56a   5.2   9.4  0.00   1.1  14.0   3:48p     N
 5  72.8  92.3  12:18p  49.6   4:25a   3.6  11.4  0.00   0.9  15.0   5:51p   NNE
 6  71.7  88.7  12:03p  50.8   4:56a   3.1   9.8  0.00   1.0  12.0  10:12p     E
 7  66.0  83.3   1:44p  50.0   5:58a   3.3   4.3  0.12   1.3  15.0   1:42a     E
 8  71.3  91.4   3:36p  49.3   5:51a   4.3  10.6  0.00   1.2  16.0   1:49p   NNW
 9  75.8  91.8  12:13p  56.0   2:49a   1.3  12.1  0.00   1.4  12.0  10:06a    NW
10  74.0  90.4  11:47a  51.6   4:58a   2.7  11.7  0.00   1.4  12.0   1:48p   ENE
11  71.0  81.6   3:22p  54.5   6:24a   1.3   7.3  0.00   2.1  16.0   3:58p     E
12  69.2  84.8   1:40p  46.3   5:45a   4.5   8.7  0.00   1.1  11.0   8:05a     E
13  71.0  85.4   1:23p  57.4   5:23a   1.1   7.2  0.11   1.2  11.0   3:20p     S
14  71.9  91.5   2:37p  51.4   4:21a   3.0   9.9  0.00   1.4  15.0  10:26a    NW
15  74.4  92.2  11:11a  54.5   3:25a   1.7  11.1  0.00   1.6  21.0   3:24p   NNE
16  70.1  85.0  10:46a  57.7   3:14a   1.8   6.9  0.00   1.3  19.0   1:13p   ESE
17  66.4  84.3  12:22p  56.3   3:38a   3.3   4.7  0.42   2.5  21.0   7:26p     N
18  66.9  80.6   5:12p  53.1   5:36a   3.8   5.8  0.00   1.6  16.0   6:09p   ESE
19  65.0  78.1   2:50p  54.8  11:35p   3.6   3.6  0.00   3.1  29.0   8:19p   NNE
20  64.4  79.4  12:44p  47.9   6:03a   4.4   3.8  0.00   1.5  11.0   1:58p   ENE
----------------------------------------------------------------------------------
    68.9  92.3     5    43.0     3    72.2 150.6  0.65   1.5  29.0    19      NE

Max >=  80.0: 16
Max <=  32.0:  0
Min <=  32.0:  0
Min <=   0.0:  0
Max Rain: 0.42 on day 17
Days of Rain: 3 (>= 0.01 in)  3 (>= 0.10 in)  0 (>= 1.00 in)
Heat Base: 65.0  Cool Base: 65.0  Method: Integration