NOAA-Style Climate Reports

Select a Year or Month report
2018: Jan Feb Mar Apr May Jun Jul Aug Sep Oct Nov Dec
2017: Jan Feb Mar Apr May Jun Jul Aug Sep Oct Nov Dec
2016: Jan Feb Mar Apr May Jun Jul Aug Sep Oct Nov Dec
2015: Jan Feb Mar Apr May Jun Jul Aug Sep Oct Nov Dec
2014: Jan Feb Mar Apr May Jun Jul Aug Sep Oct Nov Dec
2013: Jan Feb Mar Apr May Jun Jul Aug Sep Oct Nov Dec
2012: Jan Feb Mar Apr May Jun Jul Aug Sep Oct Nov Dec
2011: Jan Feb Mar Apr May Jun Jul Aug Sep Oct Nov Dec
2010: Jan Feb Mar Apr May Jun Jul Aug Sep Oct Nov Dec

Report for 2018 August
                   Monthly Climatological Summary for Aug 2018

Name: StetsonWX   City: Colorado Springs   State: Colorado
Elevation: 6584 ft  Lat: N 38° 54' 02"   Lon: W 104° 42' 23"

                  Temperature (°F), Rain (in), Wind Speed (mph)

                                      Heat  Cool        Avg
    Mean                              Deg   Deg         Wind                 Dom
Day Temp  High   Time   Low    Time   Days  Days  Rain  Speed High   Time    Dir
----------------------------------------------------------------------------------
 1  65.3  81.2  12:30p  51.0   5:57a   4.4   4.8  0.00   0.7  19.0   3:53p     E
 2  68.8  83.1  12:07p  51.4   5:33a   3.5   7.2  0.00   0.7   7.0   1:40p   ESE
 3  66.4  79.9  11:49a  58.2   9:39p   1.7   3.1  0.01   1.7  15.0   9:14a   NNE
 4  71.7  88.7  11:32a  54.6   2:24a   2.0   8.7  0.01   1.6  19.0   3:50p   WNW
 5  67.1  81.2   2:00p  52.4   5:09a   3.3   5.5  0.02   1.5  15.0  11:12p    NE
 6  64.8  77.9  12:09p  56.7  11:59p   2.7   2.5  0.76   1.7  23.0   1:06a     N
 7  64.0  76.2  11:40a  51.2   5:03a   4.0   3.0  0.09   0.9  13.0  11:05p    SE
 8  63.5  73.9   3:49p  53.7   2:42a   3.9   2.4  0.00   0.7  16.0  10:53a     E
 9  66.2  79.5  11:25a  51.1   5:43a   4.2   5.4  0.00   0.7   7.0   1:06p   SSE
10  66.2  79.3  10:29a  52.1   4:59a   3.9   5.1  0.00   1.0  13.0  10:55a   ESE
11  65.5  78.1  11:36a  49.9   6:04a   4.6   5.1  0.00   1.1  10.0  12:34p    SE
12  64.5  75.5   3:56p  47.1   6:08a   4.5   4.0  0.00   1.0   9.0   1:42p   SSE
13  66.4  81.0  12:16p  48.8   6:30a   4.8   6.3  0.00   1.0   9.0   5:05p     E
14  65.6  78.4   2:16p  51.3   4:55a   4.2   4.8  1.04   1.3  15.0   8:45p     E
15  65.8  79.8   3:45p  54.3   6:29a   3.8   4.6  0.01   0.9   9.0   6:25p   SSE
16  69.4  83.7  12:44p  55.8  12:52a   2.3   6.7  0.00   1.5  15.0   6:52p    NE
17  63.9  76.2   1:49p  55.5   3:38a   3.4   2.3  0.25   0.8  12.0   1:26p   SSE
18  63.8  76.1   3:43p  55.8   1:00a   3.7   2.5  0.02   1.6  15.0   1:29p    NE
----------------------------------------------------------------------------------
    66.1  88.7     4    47.1    12    64.9  84.0  2.21   1.1  23.0     6       E

Max >=  80.0:  6
Max <=  32.0:  0
Min <=  32.0:  0
Min <=   0.0:  0
Max Rain: 1.04 on day 14
Days of Rain: 9 (>= 0.01 in)  3 (>= 0.10 in)  1 (>= 1.00 in)
Heat Base: 65.0  Cool Base: 65.0  Method: Integration