NOAA-Style Climate Reports

Select a Year or Month report
2018: Jan Feb Mar Apr May Jun Jul Aug Sep Oct Nov Dec
2017: Jan Feb Mar Apr May Jun Jul Aug Sep Oct Nov Dec
2016: Jan Feb Mar Apr May Jun Jul Aug Sep Oct Nov Dec
2015: Jan Feb Mar Apr May Jun Jul Aug Sep Oct Nov Dec
2014: Jan Feb Mar Apr May Jun Jul Aug Sep Oct Nov Dec
2013: Jan Feb Mar Apr May Jun Jul Aug Sep Oct Nov Dec
2012: Jan Feb Mar Apr May Jun Jul Aug Sep Oct Nov Dec
2011: Jan Feb Mar Apr May Jun Jul Aug Sep Oct Nov Dec
2010: Jan Feb Mar Apr May Jun Jul Aug Sep Oct Nov Dec

Report for 2018 October
                   Monthly Climatological Summary for Oct 2018

Name: StetsonWX   City: Colorado Springs   State: Colorado
Elevation: 6584 ft  Lat: N 38° 54' 02"   Lon: W 104° 42' 23"

                  Temperature (°F), Rain (in), Wind Speed (mph)

                                      Heat  Cool        Avg
    Mean                              Deg   Deg         Wind                 Dom
Day Temp  High   Time   Low    Time   Days  Days  Rain  Speed High   Time    Dir
----------------------------------------------------------------------------------
 1  55.5  74.4  12:04p  44.4  12:44a  10.2   0.7  0.00   0.5   7.0   1:08p    SE
 2  60.2  76.0   1:41p  47.8   2:36a   7.3   2.5  0.00   0.7   9.0   1:15p   ENE
 3  66.7  81.5   1:47p  50.6   4:34a   4.5   6.2  0.00   2.2  16.0   8:35p   NNE
 4  50.7  63.8   4:36p  42.4  11:43p  14.3   0.0  0.00   1.6  19.0   4:24p    SE
 5  53.0  71.6  11:18a  40.0   7:18a  13.4   1.4  0.00   2.5  21.0   7:46p   NNE
 6  42.6  48.0  12:13p  37.1   6:35a  22.4   0.0  0.00   1.3  11.0  12:40p    SE
 7  41.7  46.8   4:26p  38.1   6:10a  23.3   0.0  0.18   0.9  15.0   9:36p     N
 8  38.9  41.7   4:03p  35.8   7:30a  26.1   0.0  0.27   2.1  15.0   6:35a     N
 9  36.4  38.6   4:34p  33.7  11:58p  28.6   0.0  0.06   1.8  13.0  11:32a     N
10  32.6  35.7   3:15p  30.4   5:48a  32.4   0.0  0.12   0.4   7.0  11:08a   SSE
11  33.7  38.0   3:54p  31.4   1:58a  31.3   0.0  0.03   0.7   6.0  10:10a     S
12  39.8  51.2   4:53p  29.7   6:32a  25.2   0.0  0.01   0.9   8.0   3:43a    SE
13  47.2  64.2  11:08a  32.7   3:30a  17.8   0.0  0.00   1.5  19.0  11:48p   ENE
14  22.0  34.2  12:00a  16.1   9:45p  43.0   0.0  0.00   4.2  24.0   2:07a     N
----------------------------------------------------------------------------------
    44.4  81.5     3    16.1    14   299.8  10.8  0.67   1.5  24.0    14      NE

Max >=  80.0:  1
Max <=  32.0:  0
Min <=  32.0:  4
Min <=   0.0:  0
Max Rain: 0.27 on day 8
Days of Rain: 6 (>= 0.01 in)  3 (>= 0.10 in)  0 (>= 1.00 in)
Heat Base: 65.0  Cool Base: 65.0  Method: Integration