NOAA-Style Climate Reports

Select a Year or Month report
2018: Jan Feb Mar Apr May Jun Jul Aug Sep Oct Nov Dec
2017: Jan Feb Mar Apr May Jun Jul Aug Sep Oct Nov Dec
2016: Jan Feb Mar Apr May Jun Jul Aug Sep Oct Nov Dec
2015: Jan Feb Mar Apr May Jun Jul Aug Sep Oct Nov Dec
2014: Jan Feb Mar Apr May Jun Jul Aug Sep Oct Nov Dec
2013: Jan Feb Mar Apr May Jun Jul Aug Sep Oct Nov Dec
2012: Jan Feb Mar Apr May Jun Jul Aug Sep Oct Nov Dec
2011: Jan Feb Mar Apr May Jun Jul Aug Sep Oct Nov Dec
2010: Jan Feb Mar Apr May Jun Jul Aug Sep Oct Nov Dec

Report for 2018 April
                   Monthly Climatological Summary for Apr 2018

Name: StetsonWX   City: Colorado Springs   State: Colorado
Elevation: 6584 ft  Lat: N 38° 54' 02"   Lon: W 104° 42' 23"

                  Temperature (°F), Rain (in), Wind Speed (mph)

                                      Heat  Cool        Avg
    Mean                              Deg   Deg         Wind                 Dom
Day Temp  High   Time   Low    Time   Days  Days  Rain  Speed High   Time    Dir
----------------------------------------------------------------------------------
 1  32.1  46.9   3:56p  20.3   6:50a  32.9   0.0  0.00   1.5  11.0   6:18p    SE
 2  52.5  72.6   2:33p  27.3   1:12a  13.8   1.4  0.00   3.6  26.0   1:18p   WNW
 3  36.9  51.3  12:04a  24.8   6:33a  28.1   0.0  0.00   4.0  18.0   4:17a   ENE
 4  44.5  64.3   1:04p  22.9   5:13a  20.5   0.0  0.00   2.2  17.0   2:05p   ENE
 5  51.2  64.6   3:38p  32.8   7:02a  13.8   0.0  0.01   1.7  14.0   8:08p     E
 6  32.6  49.4  10:58a  19.0  11:36p  32.4   0.0  0.00   2.1  13.0  11:36a   ENE
 7  30.2  44.6   3:16p  17.7   2:48a  34.8   0.0  0.00   0.6   9.0   3:58p   SSE
 8  50.4  64.8   1:33p  36.9   5:35a  14.6   0.0  0.02   4.0  31.0   3:00p   WNW
 9  41.5  54.8   1:49p  33.1  11:58p  23.5   0.0  0.05   1.6  17.0  10:59a   ENE
10  49.1  66.7   2:11p  27.2   5:25a  15.9   0.1  0.00   1.0  11.0   3:31p   ESE
11  58.4  76.4   1:43p  40.3   4:31a   9.9   3.4  0.00   3.3  28.0  11:52a   WNW
12  60.7  74.5  12:21p  44.0   1:59a   6.5   2.2  0.00   3.1  27.0   5:06p    NW
13  35.9  44.5  12:00a  25.9  11:49p  29.1   0.0  0.00   7.0  32.0   1:29p    NW
14  36.3  50.3   4:32p  24.8   6:30a  28.7   0.0  0.09   4.9  23.0  12:46p   NNW
15  44.2  59.8  12:07p  23.8   5:46a  20.8   0.0  0.00   1.4  10.0   1:44p   ESE
16  54.5  75.8   2:41p  29.4   3:56a  12.1   1.6  0.00   1.7  20.0   2:45p   ESE
17  54.1  67.8   1:56p  33.9  11:59p  11.1   0.2  0.00   5.8  35.0   3:44p   WNW
18  41.6  55.4   2:30p  24.4   6:50a  23.4   0.0  0.00   1.9  17.0  12:15a    NW
19  45.3  61.7   4:02p  25.4   6:34a  19.7   0.0  0.00   2.3  18.0   8:08p   ESE
----------------------------------------------------------------------------------
    44.8  76.4    11    17.7     7   391.6   8.9  0.17   2.8  35.0    17     NNW

Max >=  80.0:  0
Max <=  32.0:  0
Min <=  32.0: 13
Min <=   0.0:  0
Max Rain: 0.09 on day 14
Days of Rain: 4 (>= 0.01 in)  0 (>= 0.10 in)  0 (>= 1.00 in)
Heat Base: 65.0  Cool Base: 65.0  Method: Integration