NOAA-Style Climate Reports

Select a Year or Month report
2018: Jan Feb Mar Apr May Jun Jul Aug Sep Oct Nov Dec
2017: Jan Feb Mar Apr May Jun Jul Aug Sep Oct Nov Dec
2016: Jan Feb Mar Apr May Jun Jul Aug Sep Oct Nov Dec
2015: Jan Feb Mar Apr May Jun Jul Aug Sep Oct Nov Dec
2014: Jan Feb Mar Apr May Jun Jul Aug Sep Oct Nov Dec
2013: Jan Feb Mar Apr May Jun Jul Aug Sep Oct Nov Dec
2012: Jan Feb Mar Apr May Jun Jul Aug Sep Oct Nov Dec
2011: Jan Feb Mar Apr May Jun Jul Aug Sep Oct Nov Dec
2010: Jan Feb Mar Apr May Jun Jul Aug Sep Oct Nov Dec

Report for 2018 December
                   Monthly Climatological Summary for Dec 2018

Name: StetsonWX   City: Colorado Springs   State: Colorado
Elevation: 6584 ft  Lat: N 38° 54' 02"   Lon: W 104° 42' 23"

                  Temperature (°F), Rain (in), Wind Speed (mph)

                                      Heat  Cool        Avg
    Mean                              Deg   Deg         Wind                 Dom
Day Temp  High   Time   Low    Time   Days  Days  Rain  Speed High   Time    Dir
----------------------------------------------------------------------------------
 1  32.2  45.1  11:00a  21.5  11:58p  32.8   0.0  0.00   2.8  15.0   1:45p   NNW
 2  24.5  35.0  10:41a  13.4   6:46a  40.5   0.0  0.00   1.5   8.0   5:51p   ENE
 3  22.3  29.3   3:01p  11.1  11:54p  42.7   0.0  0.00   0.5   5.0   2:21p    SE
 4  20.4  36.4   2:15p   9.1   1:33a  44.6   0.0  0.01   2.0  12.0   2:41p   NNW
 5  28.4  47.9  12:35p  10.5  12:05a  36.5   0.0  0.05   1.9  14.0   4:44p   ENE
 6  16.1  22.4   2:35p  10.4   6:14a  48.9   0.0  0.00   1.2  11.0   1:25p    SE
 7  25.8  39.3  10:04a  11.9  12:12a  39.2   0.0  0.00   1.2   9.0   1:23p   ESE
 8  28.1  45.1   1:30p  14.8   2:58a  36.9   0.0  0.00   0.8   7.0  12:59p   ESE
 9  27.1  42.1   1:53p  13.9  11:56p  37.9   0.0  0.00   1.7  13.0  11:51a    NE
----------------------------------------------------------------------------------
    25.0  47.9     5     9.1     4   360.0   0.0  0.06   1.5  15.0     1      NE

Max >=  80.0:  0
Max <=  32.0:  2
Min <=  32.0:  9
Min <=   0.0:  0
Max Rain: 0.05 on day 5
Days of Rain: 2 (>= 0.01 in)  0 (>= 0.10 in)  0 (>= 1.00 in)
Heat Base: 65.0  Cool Base: 65.0  Method: Integration